= r*n - 0*f - 4*f, 1903 = 5*n - f. Is n prime?
False
Let z = 580 - 295. Suppose c - 172 = -3*j, -2*j + z = 4*c - 453. Is c composite?
True
Suppose -15*x + 96623 = 8*x. Is x prime?
True
Let p(u) = -u**3 - 6*u**2 - 2*u + 7. Let j be p(-5). Let l = 10 + j. Suppose -h - l*h - 4*c = -222, -3*h + 222 = -3*c. Is h a prime number?
False
Suppose 0 = 4*o - 38838 - 11046. Is o composite?
True
Let n(f) = -18*f + 155. Is n(-21) a prime number?
False
Let g(k) = 540*k**2 + 14*k - 45. Is g(4) a composite number?
True
Let k = 2 - -1. Suppose -3013 - 3140 = -k*y. Is y a composite number?
True
Let k(w) = -2*w + 5. Let y be k(5). Let r(q) = 5 + 35*q**3 + 6*q - 3*q - 36*q**3 - 4*q**2. Is r(y) a composite number?
True
Let o = -2428 - -4607. Is o composite?
False
Suppose 245 = 3*v + 41. Suppose c + 4*c - 74 = -3*s, -3*s = -c - v. Is s a composite number?
False
Suppose 2*x = 2 - 4. Is 4 - -229*(-1)/x prime?
True
Let b = -332 + 583. Is b prime?
True
Suppose -2*q - 16 = -4*g, 0*q - 4*q - 12 = -3*g. Suppose -g*y = -y - 3891. Is y a prime number?
True
Suppose 3430 = p - 4156. Is p a prime number?
False
Let x(b) = 22*b**3 - 10*b**2 + 4*b - 17. Is x(7) composite?
True
Is 20/(-110) - (346506/(-33) - -1) composite?
False
Is (-3 - 3001)/(16/(-20)) a prime number?
False
Let j = 1353 + -867. Let t(k) = -3*k**3 + 10*k**2 + 10*k + 7. Let l be t(-6). Let r = l - j. Is r composite?
True
Let b(l) = l - 10. Let k be b(13). Let n(g) = 3*g**2 + 8*g + 5. Let c be n(7). Suppose 4*a - k*i - c = -87, 63 = 2*a + i. Is a a prime number?
True
Suppose 3 + 2 = -n, 5*j - 2*n - 100 = 0. Let t be j/108 + (-10)/(-12). Let l(r) = 815*r. Is l(t) prime?
False
Suppose 0 = -2*v - 4*y + 8, 0*y - 4*y = -2*v. Suppose v*i + 1086 = -0*i. Let l = -296 - i. Is l a composite number?
True
Suppose 4*l + 2*a = 136834, 4*l - 144465 = 4*a - 7601. Is l a prime number?
True
Let j be (159 + 0)*(0 + 13). Let p = j - 854. Is p composite?
False
Let a be 3690/4 - 4/(-8). Suppose 5*q - 2472 = a. Is q composite?
True
Let z(j) = 7842*j - 27. Let g be z(-7). Is 4/(-14) + g/(-21) + -6 a prime number?
True
Suppose -b + 3*a + 55 = 0, 2*b - 29 = 5*a + 79. Let k = -10 + b. Is k prime?
False
Let f(c) be the second derivative of 11*c**4/12 + 4*c**3/3 - 17*c**2/2 - 15*c. Is f(-10) a composite number?
True
Let c = -10009 - -28844. Is c composite?
True
Let s = 953 + -188. Let i = s + -230. Is i composite?
True
Let i = 535 + -86. Is i a prime number?
True
Is 2/4 - (345591/18)/(-19) a prime number?
False
Let z(g) = 29*g**3 + 4*g**2 + 2*g - 41. Is z(5) prime?
False
Let r = 351 - 176. Let c(h) = 238*h**2 - 2*h + 2. Let b be c(2). Suppose 0 = 5*v + r - b. Is v prime?
False
Is 2*(-3989)/4*(-156 - -154) composite?
False
Let p(d) = -7*d + 253. Let j be p(0). Let x = 228 + j. Is x a prime number?
False
Suppose 0 = 2*z - 35 + 2501. Let a = 492 + z. Let g = 1328 + a. Is g composite?
False
Let x = 12523 - -7060. Is x composite?
False
Is (-381)/(7683/(-3783) - (1 - 3)) a composite number?
True
Suppose 3*c = -5*w - 0 + 7, 4*w - 12 = 4*c. Suppose -f - 5*x + 39 = 0, -w*f - 4*x = -0*f - 78. Is f a prime number?
False
Let c(q) = -q**2 + 13*q + 2. Let b be c(13). Suppose 111 = 2*j + 3*j + b*w, 5*j + w = 108. Suppose 3*s - 678 = j. Is s a composite number?
False
Suppose -5*h = 1620 + 1765. Let z = 1116 + h. Is z a prime number?
True
Let f(y) = -y**2 - 4*y - 4. Let a be f(-2). Suppose a*t = 2*t - 614. Is t composite?
False
Suppose -g = -3*x - 7 + 3, -4*g - 5*x + 16 = 0. Suppose 2627 + 209 = g*q. Is q a composite number?
False
Suppose 1 = -4*v + 13, 0 = 5*m + 2*v - 46. Let i(p) = 15*p**2 - 15*p + 3. Is i(m) composite?
True
Let g = 19 + -7. Let a be 10252/g + (-3)/9. Suppose 3*l + 143 - a = 0. Is l a composite number?
True
Let p = 11042 - 1171. Is p composite?
False
Let i(c) = c**3 + 8*c**2 + 9*c + 10. Let m be i(-7). Is 2/m + (-2442)/(-12) prime?
False
Let t = -9 - -9. Let a be ((-7)/2 - -3)*t. Suppose -52 = -q - c, 2*c - 55 = -q - a*q. Is q a composite number?
True
Let l be (-2 + 10/4)*6. Let d(v) = 115*v**2 - 2*v + 1. Let h be d(1). Suppose l*c - h = 15. Is c a prime number?
True
Let i = 89 - 87. Suppose -i*j + 422 = -0*j. Is j prime?
True
Let x = 732 + -1149. Let t = -290 - x. Is t a composite number?
False
Suppose -923 = 2*q - 4167. Suppose -5*d + 593 + q = 0. Is d prime?
True
Let d(q) = -264*q - 5. Let z be d(-2). Is 4 - (z/(-3) - 12/18) prime?
True
Suppose 0 = -5*y + 10. Let n(u) = -7*u**2 - 1 + 12*u**2 - u**y. Is n(-6) a composite number?
True
Let k(y) = 3*y - 6 + 9 - 2 + 13*y**2. Is k(3) a composite number?
False
Suppose 4*a + q = 64493, a + 4*q = 3*q + 16124. Is a a prime number?
False
Let g(r) = -r + 5. Let z be (-66)/(-14) + (-8)/(-28). Let a be g(z). Suppose a*j - 2*j + 470 = 0. Is j a composite number?
True
Let v(p) = 8*p + 2. Let r be v(4). Suppose -u - 4*x + 15 = 0, -5*x + r - 9 = -5*u. Is (326/2)/(-1)*u composite?
False
Suppose -62344 = -3*q - 5*p, -2*q = -20*p + 18*p - 41568. Is q a composite number?
True
Is (-4)/(-4) - (-430866)/27 composite?
False
Suppose -6*v + t = -4*v + 34, -2*t + 51 = -3*v. Let z(y) = -159*y + 26. Is z(v) composite?
False
Suppose 15*o = 17*o - 8. Suppose 4*i - 2*c + 0*c - 272 = 0, o*c - 8 = 0. Is i a composite number?
True
Suppose -4*m - 2 + 10 = 0. Suppose 0 = 4*p + h - 80, -5*p + 10*p - m*h = 113. Suppose -2037 = p*c - 24*c. Is c composite?
True
Let i = 51051 + -13418. Is i prime?
True
Is 2/(-3) - 128/(-48) - -212 a composite number?
True
Suppose 20483 + 88563 = 14*y. Is y a composite number?
False
Let u(a) = a**2 - a - 1. Let c(f) = 3*f**2 - f + 20. Let p(z) = c(z) + 5*u(z). Is p(6) a composite number?
True
Let x(k) = -3*k + 8. Let i(z) = z**2 + 1. Suppose -4*m + 0*m = 4. Let h(d) = m*x(d) + 2*i(d). Is h(11) a prime number?
True
Let s(b) = -b**2 - 7*b - 4. Let d be s(-6). Suppose -d*l = -7*l - 4990. Let q = l + 1417. Is q a composite number?
False
Let t(o) = -23*o + 2. Let m be t(-7). Suppose -4*d - m + 1167 = 0. Is d a prime number?
True
Suppose 4*v = -3*s + 76, -v = -2*s - 0*v + 47. Suppose 4*c + 4*z = s, -3*z - 46 = 4*c - 9*c. Suppose 0 = -3*g + c*g - 185. Is g a prime number?
True
Is (4342290/70 - -14) + (-2)/(-7) a composite number?
False
Suppose -4*d - 39637 = 44323. Is -3 - -1 - 10/20*d a composite number?
True
Suppose -4*r = -o + 2946, -888 + 15662 = 5*o + 2*r. Suppose -6*f + o = -1228. Is f a prime number?
False
Let r(p) = 6*p - 4*p**2 + 2 + 2*p**3 + 4*p**2 + 3. Is r(6) composite?
True
Suppose -c - 3937 = -2*v, 0*v = 3*v - 5*c - 5902. Is v composite?
True
Suppose 0 = c - 3*j - 22976, 8*c + j = 6*c + 45959. Is c a prime number?
False
Let i = 3903 + -2042. Is i a prime number?
True
Let t(w) = w**3 - 9*w**2 - 8*w + 10. Let f be t(10). Is 2/10 + 813*8/f a prime number?
False
Let m = 21 - 36. Let l be (-2604)/m + 18/(-30). Suppose -483 = -2*z - l. Is z a composite number?
True
Let s = -75 - -165. Let m = s + -56. Is m a prime number?
False
Suppose 2*f + 2*y = 7*y - 3994, 0 = f + 2*y + 2006. Is (-11)/55 + f/(-10) + -1 composite?
False
Suppose 29*l + 61326 = 47*l. Is l composite?
False
Suppose 9*p + 12597 = -23565. Let o = 6675 + p. Is o composite?
False
Let g(r) = 204*r - 175. Is g(17) a composite number?
True
Suppose -2*z = -b + z + 620, -3*b - 4*z = -1925. Suppose -b = 7*n - 12*n. Is n composite?
False
Is (60/8)/(-5)*(-169648)/24 prime?
False
Is (72/(-48))/((-187845)/93918 + 2) prime?
False
Let w(u) = -6 - u + 3 + 1. Let i be w(6). Is 376/6*(-12)/i a prime number?
False
Suppose -6606 = -4*t - 1154. Is t a composite number?
True
Suppose -921 = 9*l - 48. Suppose 3*b - 58 = -2*w - 2*b, 8 = 4*b. Let m = w - l. Is m a prime number?
False
Let j(l) = -5*l**3 - 4*l**2 + 3*l + 215. Let a(r) = -14*r**3 - 11*r**2 + 8*r + 644. Let u(d) = 4*a(d) - 11*j(d). Is u(0) a composite number?
False
Suppose -4*q + 5*r + 154890 = 2*r, -4*r + 38713 = q. Is q prime?
False
Suppose 5*k - 5*b = 25, -2*k - 4*b - 5 + 3 = 0. Let i(n) = 3*n + 5*n + 5*n. Is i(k) a prime number?
False
Let b(c) = -15*c - 11. Let r be b(-8). Let d = -21 - -56. Let m = r - d. Is m composite?
True
Suppose 4155 = 4*c - 23121. Is c composite?
True
Let h(c) be the third derivative of -49*c**6/120 + c**5/60 - 7*c**2. Let z be h(-1). Suppose -5*l + 385 = z. Is l a prime number?
True
Let s(f) = 18*f - 85. Is s(36) a prime number?
True
Let q = 2 + -10. Let m be (-164)